{"id":1995,"date":"2024-07-05T08:47:08","date_gmt":"2024-07-05T08:47:08","guid":{"rendered":"https:\/\/demo.justvalue.se\/direkt\/?page_id=1995"},"modified":"2024-07-16T12:24:27","modified_gmt":"2024-07-16T12:24:27","slug":"varumarken","status":"publish","type":"page","link":"https:\/\/demo.justvalue.se\/direkt\/varumarken\/","title":{"rendered":"Varum\u00e4rken"},"content":{"rendered":"\n<div class=\"wp-block-cover alignfull is-light\" style=\"min-height:500px;aspect-ratio:unset;\"><span aria-hidden=\"true\" class=\"wp-block-cover__background has-ast-global-color-6-background-color has-background-dim-20 has-background-dim\"><\/span><img loading=\"lazy\" decoding=\"async\" width=\"1600\" height=\"600\" class=\"wp-block-cover__image-background wp-image-2061\" alt=\"\" src=\"https:\/\/demo.justvalue.se\/direkt\/wp-content\/uploads\/2024\/07\/shutterstock_2164496769.jpg\" data-object-fit=\"cover\" srcset=\"https:\/\/demo.justvalue.se\/direkt\/wp-content\/uploads\/2024\/07\/shutterstock_2164496769.jpg 1600w, https:\/\/demo.justvalue.se\/direkt\/wp-content\/uploads\/2024\/07\/shutterstock_2164496769-300x113.jpg 300w, https:\/\/demo.justvalue.se\/direkt\/wp-content\/uploads\/2024\/07\/shutterstock_2164496769-1024x384.jpg 1024w, https:\/\/demo.justvalue.se\/direkt\/wp-content\/uploads\/2024\/07\/shutterstock_2164496769-768x288.jpg 768w, https:\/\/demo.justvalue.se\/direkt\/wp-content\/uploads\/2024\/07\/shutterstock_2164496769-1536x576.jpg 1536w, https:\/\/demo.justvalue.se\/direkt\/wp-content\/uploads\/2024\/07\/shutterstock_2164496769-500x188.jpg 500w\" sizes=\"auto, (max-width: 1600px) 100vw, 1600px\" \/><div class=\"wp-block-cover__inner-container is-layout-constrained wp-block-cover-is-layout-constrained\">\n<h1 class=\"wp-block-heading has-text-align-center frostwhyte\"><span style=\"color: var(--ast-global-color-7);\" class=\"stk-highlight\">VARUM\u00c4RKEN<\/span><\/h1>\n<\/div><\/div>\n\n\n\n<div style=\"height:35px\" aria-hidden=\"true\" class=\"wp-block-spacer\"><\/div>\n\n\n<div class=\"woocommerce columns-4\"><ul class=\"products columns-4\">\n<li class=\"product-category product first\">\n\t<a aria-label=\"Bes\u00f6k produktkategori Behandlingsutrustning\" href=\"https:\/\/demo.justvalue.se\/direkt\/produkt-kategori\/behandlingsutrustning\/\"><img loading=\"lazy\" decoding=\"async\" src=\"https:\/\/demo.justvalue.se\/direkt\/wp-content\/uploads\/woocommerce-placeholder.png\" alt=\"Behandlingsutrustning\" width=\"300\" height=\"300\" \/>\t\t<h2 class=\"woocommerce-loop-category__title\">\n\t\t\tBehandlingsutrustning<mark class=\"count\">7 produkter<\/mark>\t\t<\/h2>\n\t\t<\/a><\/li>\n<li class=\"product-category product\">\n\t<a aria-label=\"Bes\u00f6k produktkategori H\u00e4lsa &amp; V\u00e4lbefinnande\" href=\"https:\/\/demo.justvalue.se\/direkt\/produkt-kategori\/halsa-valbefinnande\/\"><img loading=\"lazy\" decoding=\"async\" src=\"https:\/\/demo.justvalue.se\/direkt\/wp-content\/uploads\/woocommerce-placeholder.png\" alt=\"H\u00e4lsa &amp; V\u00e4lbefinnande\" width=\"300\" height=\"300\" \/>\t\t<h2 class=\"woocommerce-loop-category__title\">\n\t\t\tH\u00e4lsa &amp; V\u00e4lbefinnande<mark class=\"count\">12 produkter<\/mark>\t\t<\/h2>\n\t\t<\/a><\/li>\n<li class=\"product-category product\">\n\t<a aria-label=\"Bes\u00f6k produktkategori Rehabelitering\" href=\"https:\/\/demo.justvalue.se\/direkt\/produkt-kategori\/rehabelitering\/\"><img loading=\"lazy\" decoding=\"async\" src=\"https:\/\/demo.justvalue.se\/direkt\/wp-content\/uploads\/woocommerce-placeholder.png\" alt=\"Rehabelitering\" width=\"300\" height=\"300\" \/>\t\t<h2 class=\"woocommerce-loop-category__title\">\n\t\t\tRehabelitering<mark class=\"count\">65 produkter<\/mark>\t\t<\/h2>\n\t\t<\/a><\/li>\n<li class=\"product-category product last\">\n\t<a aria-label=\"Bes\u00f6k produktkategori Tr\u00e4ning &amp; Fitness\" href=\"https:\/\/demo.justvalue.se\/direkt\/produkt-kategori\/traning-fitness\/\"><img loading=\"lazy\" decoding=\"async\" src=\"https:\/\/demo.justvalue.se\/direkt\/wp-content\/uploads\/woocommerce-placeholder.png\" alt=\"Tr\u00e4ning &amp; Fitness\" width=\"300\" height=\"300\" \/>\t\t<h2 class=\"woocommerce-loop-category__title\">\n\t\t\tTr\u00e4ning &amp; Fitness<mark class=\"count\">96 produkter<\/mark>\t\t<\/h2>\n\t\t<\/a><\/li>\n<li class=\"product-category product first\">\n\t<a aria-label=\"Bes\u00f6k produktkategori unknown\" href=\"https:\/\/demo.justvalue.se\/direkt\/produkt-kategori\/unknown\/\"><img loading=\"lazy\" decoding=\"async\" src=\"https:\/\/demo.justvalue.se\/direkt\/wp-content\/uploads\/woocommerce-placeholder.png\" alt=\"unknown\" width=\"300\" height=\"300\" \/>\t\t<h2 class=\"woocommerce-loop-category__title\">\n\t\t\tunknown<mark class=\"count\">2 produkter<\/mark>\t\t<\/h2>\n\t\t<\/a><\/li>\n<\/ul>\n<\/div>\n\n\n\n<div style=\"height:35px\" aria-hidden=\"true\" class=\"wp-block-spacer\"><\/div>\n","protected":false},"excerpt":{"rendered":"","protected":false},"author":2,"featured_media":0,"parent":0,"menu_order":0,"comment_status":"closed","ping_status":"closed","template":"","meta":{"_uag_custom_page_level_css":"","site-sidebar-layout":"default","site-content-layout":"","ast-site-content-layout":"default","site-content-style":"default","site-sidebar-style":"default","ast-global-header-display":"","ast-banner-title-visibility":"","ast-main-header-display":"","ast-hfb-above-header-display":"","ast-hfb-below-header-display":"","ast-hfb-mobile-header-display":"","site-post-title":"disabled","ast-breadcrumbs-content":"","ast-featured-img":"","footer-sml-layout":"","theme-transparent-header-meta":"","adv-header-id-meta":"","stick-header-meta":"","header-above-stick-meta":"","header-main-stick-meta":"","header-below-stick-meta":"","astra-migrate-meta-layouts":"default","ast-page-background-enabled":"default","ast-page-background-meta":{"desktop":{"background-color":"var(--ast-global-color-4)","background-image":"","background-repeat":"repeat","background-position":"center center","background-size":"auto","background-attachment":"scroll","background-type":"","background-media":"","overlay-type":"","overlay-color":"","overlay-opacity":"","overlay-gradient":""},"tablet":{"background-color":"","background-image":"","background-repeat":"repeat","background-position":"center center","background-size":"auto","background-attachment":"scroll","background-type":"","background-media":"","overlay-type":"","overlay-color":"","overlay-opacity":"","overlay-gradient":""},"mobile":{"background-color":"","background-image":"","background-repeat":"repeat","background-position":"center center","background-size":"auto","background-attachment":"scroll","background-type":"","background-media":"","overlay-type":"","overlay-color":"","overlay-opacity":"","overlay-gradient":""}},"ast-content-background-meta":{"desktop":{"background-color":"var(--ast-global-color-5)","background-image":"","background-repeat":"repeat","background-position":"center center","background-size":"auto","background-attachment":"scroll","background-type":"","background-media":"","overlay-type":"","overlay-color":"","overlay-opacity":"","overlay-gradient":""},"tablet":{"background-color":"var(--ast-global-color-5)","background-image":"","background-repeat":"repeat","background-position":"center center","background-size":"auto","background-attachment":"scroll","background-type":"","background-media":"","overlay-type":"","overlay-color":"","overlay-opacity":"","overlay-gradient":""},"mobile":{"background-color":"var(--ast-global-color-5)","background-image":"","background-repeat":"repeat","background-position":"center center","background-size":"auto","background-attachment":"scroll","background-type":"","background-media":"","overlay-type":"","overlay-color":"","overlay-opacity":"","overlay-gradient":""}},"footnotes":""},"categories":[],"tags":[],"class_list":["post-1995","page","type-page","status-publish","hentry"],"featured_image_urls_v2":{"full":"","thumbnail":"","medium":"","medium_large":"","large":"","1536x1536":"","2048x2048":"","gform-image-choice-sm":"","gform-image-choice-md":"","gform-image-choice-lg":"","woocommerce_thumbnail":"","woocommerce_single":"","woocommerce_gallery_thumbnail":"","variation_swatches_image_size":"","variation_swatches_tooltip_size":""},"post_excerpt_stackable_v2":"<p>VARUM\u00c4RKEN Behandlingsutrustning7 produkter H\u00e4lsa &amp; V\u00e4lbefinnande12 produkter Rehabelitering65 produkter Tr\u00e4ning &amp; Fitness96 produkter unknown2 produkter<\/p>\n","category_list_v2":"Okategoriserade","author_info_v2":{"name":"dhia","url":"https:\/\/demo.justvalue.se\/direkt\/author\/dhia\/"},"comments_num_v2":"0 comments","yoast_head":"<!-- This site is optimized with the Yoast SEO Premium plugin v20.4 (Yoast SEO v25.7) - https:\/\/yoast.com\/wordpress\/plugins\/seo\/ -->\n<title>Varum\u00e4rken -<\/title>\n<meta name=\"robots\" content=\"noindex, follow, max-snippet:-1, max-image-preview:large, max-video-preview:-1\" \/>\n<meta property=\"og:locale\" content=\"sv_SE\" \/>\n<meta property=\"og:type\" content=\"article\" \/>\n<meta property=\"og:title\" content=\"Varum\u00e4rken\" \/>\n<meta property=\"og:url\" content=\"https:\/\/demo.justvalue.se\/direkt\/varumarken\/\" \/>\n<meta property=\"article:modified_time\" content=\"2024-07-16T12:24:27+00:00\" \/>\n<meta property=\"og:image\" content=\"https:\/\/demo.justvalue.se\/direkt\/wp-content\/uploads\/2024\/07\/shutterstock_2164496769.jpg\" \/>\n<meta name=\"twitter:card\" content=\"summary_large_image\" \/>\n<meta name=\"twitter:label1\" content=\"Ber\u00e4knad l\u00e4stid\" \/>\n\t<meta name=\"twitter:data1\" content=\"1 minut\" \/>\n<script type=\"application\/ld+json\" class=\"yoast-schema-graph\">{\"@context\":\"https:\/\/schema.org\",\"@graph\":[{\"@type\":\"WebPage\",\"@id\":\"https:\/\/demo.justvalue.se\/direkt\/varumarken\/\",\"url\":\"https:\/\/demo.justvalue.se\/direkt\/varumarken\/\",\"name\":\"Varum\u00e4rken -\",\"isPartOf\":{\"@id\":\"https:\/\/demo.justvalue.se\/direkt\/#website\"},\"primaryImageOfPage\":{\"@id\":\"https:\/\/demo.justvalue.se\/direkt\/varumarken\/#primaryimage\"},\"image\":{\"@id\":\"https:\/\/demo.justvalue.se\/direkt\/varumarken\/#primaryimage\"},\"thumbnailUrl\":\"https:\/\/demo.justvalue.se\/direkt\/wp-content\/uploads\/2024\/07\/shutterstock_2164496769.jpg\",\"datePublished\":\"2024-07-05T08:47:08+00:00\",\"dateModified\":\"2024-07-16T12:24:27+00:00\",\"breadcrumb\":{\"@id\":\"https:\/\/demo.justvalue.se\/direkt\/varumarken\/#breadcrumb\"},\"inLanguage\":\"sv-SE\",\"potentialAction\":[{\"@type\":\"ReadAction\",\"target\":[\"https:\/\/demo.justvalue.se\/direkt\/varumarken\/\"]}]},{\"@type\":\"ImageObject\",\"inLanguage\":\"sv-SE\",\"@id\":\"https:\/\/demo.justvalue.se\/direkt\/varumarken\/#primaryimage\",\"url\":\"https:\/\/demo.justvalue.se\/direkt\/wp-content\/uploads\/2024\/07\/shutterstock_2164496769.jpg\",\"contentUrl\":\"https:\/\/demo.justvalue.se\/direkt\/wp-content\/uploads\/2024\/07\/shutterstock_2164496769.jpg\",\"width\":1600,\"height\":600},{\"@type\":\"BreadcrumbList\",\"@id\":\"https:\/\/demo.justvalue.se\/direkt\/varumarken\/#breadcrumb\",\"itemListElement\":[{\"@type\":\"ListItem\",\"position\":1,\"name\":\"Home\",\"item\":\"https:\/\/demo.justvalue.se\/direkt\/\"},{\"@type\":\"ListItem\",\"position\":2,\"name\":\"Varum\u00e4rken\"}]},{\"@type\":\"WebSite\",\"@id\":\"https:\/\/demo.justvalue.se\/direkt\/#website\",\"url\":\"https:\/\/demo.justvalue.se\/direkt\/\",\"name\":\"\",\"description\":\"K\u00f6padirekt\",\"potentialAction\":[{\"@type\":\"SearchAction\",\"target\":{\"@type\":\"EntryPoint\",\"urlTemplate\":\"https:\/\/demo.justvalue.se\/direkt\/?s={search_term_string}\"},\"query-input\":{\"@type\":\"PropertyValueSpecification\",\"valueRequired\":true,\"valueName\":\"search_term_string\"}}],\"inLanguage\":\"sv-SE\"}]}<\/script>\n<!-- \/ Yoast SEO Premium plugin. -->","yoast_head_json":{"title":"Varum\u00e4rken -","robots":{"index":"noindex","follow":"follow","max-snippet":"max-snippet:-1","max-image-preview":"max-image-preview:large","max-video-preview":"max-video-preview:-1"},"og_locale":"sv_SE","og_type":"article","og_title":"Varum\u00e4rken","og_url":"https:\/\/demo.justvalue.se\/direkt\/varumarken\/","article_modified_time":"2024-07-16T12:24:27+00:00","og_image":[{"url":"https:\/\/demo.justvalue.se\/direkt\/wp-content\/uploads\/2024\/07\/shutterstock_2164496769.jpg","type":"","width":"","height":""}],"twitter_card":"summary_large_image","twitter_misc":{"Ber\u00e4knad l\u00e4stid":"1 minut"},"schema":{"@context":"https:\/\/schema.org","@graph":[{"@type":"WebPage","@id":"https:\/\/demo.justvalue.se\/direkt\/varumarken\/","url":"https:\/\/demo.justvalue.se\/direkt\/varumarken\/","name":"Varum\u00e4rken -","isPartOf":{"@id":"https:\/\/demo.justvalue.se\/direkt\/#website"},"primaryImageOfPage":{"@id":"https:\/\/demo.justvalue.se\/direkt\/varumarken\/#primaryimage"},"image":{"@id":"https:\/\/demo.justvalue.se\/direkt\/varumarken\/#primaryimage"},"thumbnailUrl":"https:\/\/demo.justvalue.se\/direkt\/wp-content\/uploads\/2024\/07\/shutterstock_2164496769.jpg","datePublished":"2024-07-05T08:47:08+00:00","dateModified":"2024-07-16T12:24:27+00:00","breadcrumb":{"@id":"https:\/\/demo.justvalue.se\/direkt\/varumarken\/#breadcrumb"},"inLanguage":"sv-SE","potentialAction":[{"@type":"ReadAction","target":["https:\/\/demo.justvalue.se\/direkt\/varumarken\/"]}]},{"@type":"ImageObject","inLanguage":"sv-SE","@id":"https:\/\/demo.justvalue.se\/direkt\/varumarken\/#primaryimage","url":"https:\/\/demo.justvalue.se\/direkt\/wp-content\/uploads\/2024\/07\/shutterstock_2164496769.jpg","contentUrl":"https:\/\/demo.justvalue.se\/direkt\/wp-content\/uploads\/2024\/07\/shutterstock_2164496769.jpg","width":1600,"height":600},{"@type":"BreadcrumbList","@id":"https:\/\/demo.justvalue.se\/direkt\/varumarken\/#breadcrumb","itemListElement":[{"@type":"ListItem","position":1,"name":"Home","item":"https:\/\/demo.justvalue.se\/direkt\/"},{"@type":"ListItem","position":2,"name":"Varum\u00e4rken"}]},{"@type":"WebSite","@id":"https:\/\/demo.justvalue.se\/direkt\/#website","url":"https:\/\/demo.justvalue.se\/direkt\/","name":"","description":"K\u00f6padirekt","potentialAction":[{"@type":"SearchAction","target":{"@type":"EntryPoint","urlTemplate":"https:\/\/demo.justvalue.se\/direkt\/?s={search_term_string}"},"query-input":{"@type":"PropertyValueSpecification","valueRequired":true,"valueName":"search_term_string"}}],"inLanguage":"sv-SE"}]}},"uagb_featured_image_src":{"full":false,"thumbnail":false,"medium":false,"medium_large":false,"large":false,"1536x1536":false,"2048x2048":false,"gform-image-choice-sm":false,"gform-image-choice-md":false,"gform-image-choice-lg":false,"woocommerce_thumbnail":false,"woocommerce_single":false,"woocommerce_gallery_thumbnail":false,"variation_swatches_image_size":false,"variation_swatches_tooltip_size":false},"uagb_author_info":{"display_name":"dhia","author_link":"https:\/\/demo.justvalue.se\/direkt\/author\/dhia\/"},"uagb_comment_info":0,"uagb_excerpt":null,"_links":{"self":[{"href":"https:\/\/demo.justvalue.se\/direkt\/wp-json\/wp\/v2\/pages\/1995","targetHints":{"allow":["GET"]}}],"collection":[{"href":"https:\/\/demo.justvalue.se\/direkt\/wp-json\/wp\/v2\/pages"}],"about":[{"href":"https:\/\/demo.justvalue.se\/direkt\/wp-json\/wp\/v2\/types\/page"}],"author":[{"embeddable":true,"href":"https:\/\/demo.justvalue.se\/direkt\/wp-json\/wp\/v2\/users\/2"}],"replies":[{"embeddable":true,"href":"https:\/\/demo.justvalue.se\/direkt\/wp-json\/wp\/v2\/comments?post=1995"}],"version-history":[{"count":17,"href":"https:\/\/demo.justvalue.se\/direkt\/wp-json\/wp\/v2\/pages\/1995\/revisions"}],"predecessor-version":[{"id":2408,"href":"https:\/\/demo.justvalue.se\/direkt\/wp-json\/wp\/v2\/pages\/1995\/revisions\/2408"}],"wp:attachment":[{"href":"https:\/\/demo.justvalue.se\/direkt\/wp-json\/wp\/v2\/media?parent=1995"}],"wp:term":[{"taxonomy":"category","embeddable":true,"href":"https:\/\/demo.justvalue.se\/direkt\/wp-json\/wp\/v2\/categories?post=1995"},{"taxonomy":"post_tag","embeddable":true,"href":"https:\/\/demo.justvalue.se\/direkt\/wp-json\/wp\/v2\/tags?post=1995"}],"curies":[{"name":"wp","href":"https:\/\/api.w.org\/{rel}","templated":true}]}}